{"id":66,"date":"2018-01-21T22:00:35","date_gmt":"2018-01-21T22:00:35","guid":{"rendered":"http:\/\/konkurs-uw.sarp.warszawa.pl\/?page_id=63"},"modified":"2021-05-13T09:51:34","modified_gmt":"2021-05-13T07:51:34","slug":"o-konkursie-2","status":"publish","type":"page","link":"https:\/\/konkurs-szpital-otwock.sarp.warszawa.pl\/index.php\/o-konkursie-2\/","title":{"rendered":"O konkursie"},"content":{"rendered":"\n<p><strong>Samodzielny Publiczny Szpital Kliniczny im. prof. A. Grucy CMKP oraz Oddzia\u0142 Warszawski Stowarzyszenia Architekt\u00f3w Polskich zapraszaj\u0105 do udzia\u0142u w dwuetapowym realizacyjnym konkursie architektonicznym na koncepcj\u0119 nowego budynku Samodzielnego Publicznego Szpitala Klinicznego im. prof. A. Grucy CMKP w Otwocku<\/strong><\/p>\n\n\n\n<p>Konkurs jest konkursem realizacyjnym tzn. takim w kt\u00f3rym Nagrod\u0105 jest nagroda pieni\u0119\u017cna oraz zaproszenie autora (Uczestnika) wybranej pracy konkursowej do negocjacji w trybie zam\u00f3wienia z wolnej r\u0119ki, w celu wykonania us\u0142ugi na podstawie pracy konkursowej.<\/p>\n\n\n\n<p>Konkurs prowadzony jest w procedurze konkursu ograniczonego i dwuetapowego. W pierwszym etapie konkursu zainteresowani udzia\u0142em sk\u0142adaj\u0105 wnioski do dopuszczenie na podstawie kt\u00f3rych Uczestnicy spe\u0142niaj\u0105cy warunki udzia\u0142u w konkursie zostan\u0105 zaproszeni do sk\u0142adania opracowa\u0144 studialnych. Na podstawie oceny opracowa\u0144 studialnych przez S\u0105d, do drugiego etapu konkursu i sk\u0142adania prac konkursowych zostanie zaproszonych 5 uczestnik\u00f3w.<\/p>\n\n\n\n<p>Przedmiotem konkursu jest koncepcja architektoniczna nowego budynku szpitalnego wraz z zagospodarowaniem dla potrzeb Samodzielnego Publicznego Szpitala Klinicznego im. Prof. Adama Grucy CMPK w Otwocku.<\/p>\n\n\n\n<p>Inwestycja jest planowana w celu rozszerzenia zakresu dzia\u0142alno\u015bci Samodzielnego Publicznego Szpitala Klinicznego im. prof. Adama Grucy CMKP w Otwocku.<\/p>\n\n\n\n<p>Nowy budynek szpitala wraz z jego zagospodarowaniem i innymi nowymi obiektami niezb\u0119dnymi do funkcjonowania tego budynku b\u0119d\u0105 zlokalizowane w p\u00f3\u0142nocnej cz\u0119\u015bci dzia\u0142ki 33\/12 obr\u0119b 56 (za istniej\u0105c\u0105 drog\u0105 wewn\u0119trzn\u0105 szpitala). Ta cz\u0119\u015b\u0107 dzia\u0142ki przeznaczona pod inwestycj\u0119, jest g\u0119sto poro\u015bni\u0119ta drzewami w zwi\u0105zku z czym zaleca si\u0119 w miar\u0119 mo\u017cliwo\u015bci maksymalne zachowanie drzewostanu istniej\u0105cego i wkomponowanie grup drzew w nowe zagospodarowanie.<\/p>\n\n\n\n<p>Obecnie cz\u0119\u015b\u0107 dzia\u0142ki przeznaczona pod budow\u0119 jest nieuzbrojona jednak na pozosta\u0142ej cz\u0119\u015bci dzia\u0142ki znajduj\u0105 si\u0119 wszystkie wymagane media.<\/p>\n\n\n\n<p>Nowy budynek szpitala musi by\u0107 po\u0142\u0105czony z istniej\u0105cym budynkiem E (g\u0142\u00f3wny budynek \u0142\u00f3\u017ckowy szpitala) na poziomie kondygnacji +1 budynku istniej\u0105cego poprzez dwa \u0142\u0105czniki nadziemne.<\/p>\n\n\n\n<p>Obecnie dojazd do ca\u0142ego kompleksu szpitalnego wjazdem od strony ulicy Ks. Stanis\u0142awa Konarskiego. Docelowo przewidziany b\u0119dzie wjazd g\u0142\u00f3wny od szpitala strony ulicy Grunwaldzkiej, ale na etapie koncepcji konkursowej Uczestnicy maj\u0105 przewidzie\u0107 obs\u0142ug\u0119 komunikacyjn\u0105 nowego budynku szpitala poprzez istniej\u0105cy na terenie dzia\u0142ki uk\u0142ad komunikacyjny obs\u0142uguj\u0105cy obecne budynki szpitala natomiast musza przewidzie\u0107 w koncepcji mo\u017cliwo\u015b\u0107 wjazdu od strony ul. Grunwaldzkiej w p\u00f3\u0142nocno-zachodnim naro\u017cniku Dz. ew. 33\/12.<\/p>\n","protected":false},"excerpt":{"rendered":"<p>Samodzielny Publiczny Szpital Kliniczny im. prof. A. Grucy CMKP oraz Oddzia\u0142 Warszawski Stowarzyszenia Architekt\u00f3w Polskich zapraszaj\u0105 do udzia\u0142u w dwuetapowym realizacyjnym konkursie architektonicznym na koncepcj\u0119 nowego budynku Samodzielnego Publicznego Szpitala Klinicznego im. prof. A. Grucy CMKP w Otwocku Konkurs jest<span class=\"ellipsis\">&hellip;<\/span><\/p>\n<div class=\"read-more\"><a href=\"https:\/\/konkurs-szpital-otwock.sarp.warszawa.pl\/index.php\/o-konkursie-2\/\">Czytaj wi\u0119cej <span class=\"screen-reader-text\">O konkursie<\/span><span class=\"meta-nav\"> &#8250;<\/span><\/a><\/div>\n<p><!-- end of .read-more --><\/p>\n","protected":false},"author":1,"featured_media":0,"parent":0,"menu_order":0,"comment_status":"closed","ping_status":"closed","template":"","meta":[],"_links":{"self":[{"href":"https:\/\/konkurs-szpital-otwock.sarp.warszawa.pl\/index.php\/wp-json\/wp\/v2\/pages\/66"}],"collection":[{"href":"https:\/\/konkurs-szpital-otwock.sarp.warszawa.pl\/index.php\/wp-json\/wp\/v2\/pages"}],"about":[{"href":"https:\/\/konkurs-szpital-otwock.sarp.warszawa.pl\/index.php\/wp-json\/wp\/v2\/types\/page"}],"author":[{"embeddable":true,"href":"https:\/\/konkurs-szpital-otwock.sarp.warszawa.pl\/index.php\/wp-json\/wp\/v2\/users\/1"}],"replies":[{"embeddable":true,"href":"https:\/\/konkurs-szpital-otwock.sarp.warszawa.pl\/index.php\/wp-json\/wp\/v2\/comments?post=66"}],"version-history":[{"count":4,"href":"https:\/\/konkurs-szpital-otwock.sarp.warszawa.pl\/index.php\/wp-json\/wp\/v2\/pages\/66\/revisions"}],"predecessor-version":[{"id":829,"href":"https:\/\/konkurs-szpital-otwock.sarp.warszawa.pl\/index.php\/wp-json\/wp\/v2\/pages\/66\/revisions\/829"}],"wp:attachment":[{"href":"https:\/\/konkurs-szpital-otwock.sarp.warszawa.pl\/index.php\/wp-json\/wp\/v2\/media?parent=66"}],"curies":[{"name":"wp","href":"https:\/\/api.w.org\/{rel}","templated":true}]}}